t i be g(4). Suppose r = l + 3*r - 34, -i*l + 170 = 3*r. What is the remainder when 45 is divided by l?
11
Suppose 3*z + 45*c - 769 = 40*c, -5*z + c + 1319 = 0. Let i = z + -236. What is the remainder when 457 is divided by i?
25
Let l = -188 - -423. Let u = 279 - l. What is the remainder when u is divided by 6?
2
Let p = -8590 - -8997. Calculate the remainder when p is divided by 197.
13
Let z = 27045 + -21260. What is the remainder when z is divided by 36?
25
Suppose 1417 = -14*b - 3119. Calculate the remainder when 183 is divided by (-10)/35 + 0 + b/(-7).
45
Calculate the remainder when 1284 is divided by 20/18*306/(-34) - -34.
12
Suppose 28 = 34*s - 30*s. Suppose 8 = 5*f - s. Calculate the remainder when 128 is divided by -1*f/((-3)/26).
24
Let g = 202 - 213. Let a(j) be the first derivative of -j**4/4 - 4*j**3 - 12*j**2 - 17*j - 4. Calculate the remainder when a(g) is divided by 33.
27
Suppose 4*d - 216 = -5*h, 0 = -2*h + 5*h + 12. Suppose -58*c + 2565 = -73*c. Let g = c + 183. Calculate the remainder when d is divided by g.
11
Suppose -33*c + 3860 = -859. Let l = c - 132. What is the remainder when l is divided by 9?
2
Suppose 553*h = 558*h - 5*y - 5, -2*h + 3*y - 7 = 0. What is the remainder when 1311 is divided by h?
1
Let u(h) = -8*h**3 - 4*h**2 - 4*h - 3. Let k be u(3). Calculate the remainder when (2 + (-12)/9)/((-1)/k) is divided by 18.
16
Suppose -17*t + 9188 + 8280 = -3*v, 3 = -v. What is the remainder when t is divided by 129?
124
Let z(i) = i**3 + 47*i**2 - 6*i + 275. Calculate the remainder when z(-47) is divided by 11.
7
Calculate the remainder when 57 is divided by 7/(8 - (-5 - (-38)/3)).
15
Suppose 3*l = -4*i + 688, 800*l = -i + 805*l + 218. Suppose 42 = -5*t + 352. What is the remainder when i is divided by t?
54
What is the remainder when 4/70 - 5318/(-35) is divided by (-1)/((-2)/24) - -2?
12
Suppose 0 = -2*l + 3*c + 762, -14*l + 9*l - 4*c + 1882 = 0. Suppose -214 = 3*z + k - 1343, z + 2*k = l. What is the remainder when z is divided by 20?
16
Let c(p) = -5*p**3 + 7*p**2 - 7*p + 13. Let x be c(4). Let a = -167 - x. What is the remainder when a is divided by (-2)/(-5) - 306/(-10)?
25
Suppose 12*k - 10*k = -1256. Let p = k - -1010. Suppose n + p = 7*d - 3*d, 2*n + 479 = 5*d. Calculate the remainder when d is divided by 26.
17
Suppose x - 5*t - 29 = 0, -2*x - 5*t + 128 = -t. Suppose -42*i + x = 12. Calculate the remainder when 6 is divided by i.
0
Suppose 0*q = -2*t + q + 19, -16 = -2*t + 4*q. Let h = -100836 + 101324. Calculate the remainder when h is divided by t.
8
Let c = 19993 + -15720. What is the remainder when c is divided by 45?
43
Let r(g) = -g**3 - 10*g**2 + 7*g - 19. Let v be r(-11). Suppose l - v = 2*t - 110, 3*t = 4*l + 135. What is the remainder when t is divided by 16?
9
Let g(a) = 2423*a - 1894. Calculate the remainder when g(19) is divided by 16.
15
Let x be ((-40)/(-32))/5*(27 + 1). What is the remainder when x/(((-21)/3)/(-77)) is divided by 30?
17
Suppose -3*h + 287 = 5*w, 2*w + 69*h = 70*h + 128. Calculate the remainder when w is divided by 8.
5
Suppose -10*c + 13*c + 15 = 0, 0 = -g - 3*c - 15. Suppose -200*f + 215*f - 795 = g. Calculate the remainder when f is divided by 1.
0
Let f(j) = 32*j + 2027. What is the remainder when f(-49) is divided by 22?
19
Suppose 4960 = 94*c - 9140. What is the remainder when c is divided by 70?
10
Let p = 237 + -233. Suppose p*m - 3*c - 1045 = 0, 0 = 5*m + 4*c - 658 - 625. Calculate the remainder when m is divided by 67.
58
Calculate the remainder when 158 is divided by 35/(560/288) - -66.
74
Let j(u) be the third derivative of u**4/8 - 14*u**3/3 - 6*u**2. Let t(k) = -k + 40. Let c be t(27). What is the remainder when 32 is divided by j(c)?
10
Let n = 1303 + -945. What is the remainder when n is divided by 18?
16
Let r(v) be the first derivative of -v**4/4 + v**3/3 + v**2/2 + 762*v - 27. Let t be r(0). What is the remainder when (-16)/56 - t/(-21) is divided by 22?
14
Let b(y) = 6*y + 502. Calculate the remainder when b(-19) is divided by 211.
177
Suppose 4*d = -20, -3*o + 97 = 4*d + 6. Suppose -11*f + 5*y - 118 = -14*f, -4*y + o = f. Calculate the remainder when f is divided by 23.
18
Let k = 27592 + -27578. Calculate the remainder when 9167 is divided by k.
11
Let d(m) = -m + 37. Let v be d(-16). Let t = -55 + v. What is the remainder when (-4)/(-12)*57 + t is divided by 9?
8
Suppose 351 = 9*r - 108. Suppose 29 = 4*g + 5*n, 5*n = g + 3*g - 19. Calculate the remainder when r is divided by g.
3
Suppose 4*p - 100 = -q, 370 = 3*q - 0*q - 2*p. Let z = q + -112. Calculate the remainder when 51 is divided by z.
3
Suppose -2*l + 5*t = 9 - 2, -l + 3*t = 4. What is the remainder when ((-4002)/16)/l + 1/(-8) is divided by 28?
26
Let s(g) = 21*g + 316. Let f be s(-15). What is the remainder when 75 is divided by ((-6)/15)/(f/(-95))?
37
Suppose -2*d + 35 = -d. Let c = -10959 + 11028. Calculate the remainder when c is divided by d.
34
Let q = 1958 + -1943. What is the remainder when 523 is divided by q?
13
Let j = 28596 + -28287. What is the remainder when j is divided by 205?
104
Let t = 11784 + -11605. Calculate the remainder when 2849 is divided by t.
164
Suppose 61*y - 4100 - 170 = 0. What is the remainder when 175 is divided by y?
35
Let j(a) = -108*a + 13136. Calculate the remainder when j(119) is divided by 5/(5/2) + 70.
68
Let g = -788 + 783. Let q(v) = -51*v - 54. What is the remainder when q(g) is divided by 101?
100
Let g be 0 - 1/((-4)/(-8))*-6. Suppose 4 = -l + g. Suppose 100 = 10*z - l*z. Calculate the remainder when z is divided by 9.
5
Suppose 2*v - 82 = -0*v + 2*d, -3*v + 129 = -5*d. What is the remainder when (0 + -64)*(-28)/8 is divided by v?
34
Suppose -5*u + 5*m = -1410, -8*m + 7*m = 5*u - 1410. What is the remainder when u is divided by 4?
2
Suppose 3*r - 1 - 107 = 2*x, 0 = 2*r - x - 73. Calculate the remainder when r is divided by (60/8 + 0)*(-8)/(-6).
8
Let a(g) = -4*g**3 - 14*g**2 + 6*g + 4. Let t be a(-5). Suppose -v + 6*v + 260 = 0. Let l = v + t. What is the remainder when l is divided by 20?
12
Let p = -800 - -813. Let x = 7 - 0. Suppose -8*v + x*v = -62. What is the remainder when v is divided by p?
10
Suppose -118756*f + 118736*f + 2320 = 0. Calculate the remainder when 1160 is divided by f.
0
Let p(s) = -4*s**3 + 5*s**2 + 9*s + 7. Suppose 4*r + 14 = 6. Calculate the remainder when p(-2) is divided by (4/(-6))/r*27.
5
Let s(z) = z**3 - z**2 + z + 2. Let p be s(-1). What is the remainder when -7*p/(14/82) is divided by 7?
6
Let v(i) = 3*i**2 - 124*i - 1125. Calculate the remainder when v(-10) is divided by 43.
28
Suppose 49*c - 50*c = -2*f + 4226, -f + 5*c + 2131 = 0. What is the remainder when f is divided by 44?
43
Let o = 64 + -58. Let u(w) = -4*w - 1. Let k be u(1). What is the remainder when 2/(k/((-660)/8)) is divided by o?
3
Suppose -4*l + u = -2623, 47*u - 49*u + 1981 = 3*l. Calculate the remainder when 68 is divided by (-70)/(-9) + 146/l.
4
Suppose 0 = -3*l + i + 25352, -7037*l + 7039*l = 3*i + 16913. What is the remainder when l is divided by 50?
49
Let x = -11 - -15. Let c(v) = v**2 + 7*v - 13. Let y be c(7). Suppose -159 = -x*k + y. What is the remainder when k is divided by 16?
13
What is the remainder when (22 - (1 - -2)) + 58/(-29) is divided by 1/(-3) - 66/(-9)?
3
Suppose 0 = 3*m - t + 80, -t + 55 = -m - m. Let d be -1 - (-24)/6 - m. Calculate the remainder when 19 is divided by (-13 + (0 - 2))/((-42)/d).
9
Let f(m) = m**2 - m + 129. Let d = 383 + -382. Let r(y) = 44*y**3 + y**2 + 2*y - 3. Calculate the remainder when f(0) is divided by r(d).
41
Let d = 382 + -378. Suppose 2*a - 2*s + 33 = 289, 0 = -4*s - d. Let v = 24 + 8. Calculate the remainder when a is divided by v.
31
Let b be 0 + 6/(-2) - (3 - 6). Suppose m + 5*s + 3 = b, -22 = 4*m - 2*s - 98. Let p = 98 - 22. Calculate the remainder when p is divided by m.
8
Let o = -93 - -239. Suppose -3*b = -1 + 4, 5*f - b = o. Calculate the remainder when ((-68)/(-16))/17 + (-451)/(-4) is divided by f.
26
Let o = 584 - 833. Let d = 271 + o. What is the remainder when 85 is divided by d?
19
Let b = -12620 + 12645. Calculate the remainder when 3142 is divided by b.
17
Suppose 28 = -r + 18. Let v = r - -58. Let k = v + -3. What is the remainder when k is divided by 16?
13
Suppose -12*s + 7